[INFO] fetching crate vls-proxy 0.9.0-rc.1...
[INFO] checking vls-proxy-0.9.0-rc.1 against master#9610dfe5a9a731ced1ea4923ecbd0c57fe367898 for beta-170-4
[INFO] extracting crate vls-proxy 0.9.0-rc.1 into /workspace/builds/worker-6-tc1/source
[INFO] validating manifest of crates.io crate vls-proxy 0.9.0-rc.1 on toolchain 9610dfe5a9a731ced1ea4923ecbd0c57fe367898
[INFO] running `Command { std: CARGO_HOME="/workspace/cargo-home" RUSTUP_HOME="/workspace/rustup-home" "/workspace/cargo-home/bin/cargo" "+9610dfe5a9a731ced1ea4923ecbd0c57fe367898" "metadata" "--manifest-path" "Cargo.toml" "--no-deps", kill_on_drop: false }`
[INFO] started tweaking crates.io crate vls-proxy 0.9.0-rc.1
[INFO] finished tweaking crates.io crate vls-proxy 0.9.0-rc.1
[INFO] tweaked toml for crates.io crate vls-proxy 0.9.0-rc.1 written to /workspace/builds/worker-6-tc1/source/Cargo.toml
[INFO] crate crates.io crate vls-proxy 0.9.0-rc.1 already has a lockfile, it will not be regenerated
[INFO] running `Command { std: CARGO_HOME="/workspace/cargo-home" RUSTUP_HOME="/workspace/rustup-home" "/workspace/cargo-home/bin/cargo" "+9610dfe5a9a731ced1ea4923ecbd0c57fe367898" "fetch" "--manifest-path" "Cargo.toml", kill_on_drop: false }`
[INFO] [stderr]     Updating crates.io index
[INFO] [stderr]  Downloading crates ...
[INFO] [stderr]   Downloaded bolt-derive v0.1.0
[INFO] [stderr]   Downloaded prost v0.11.2
[INFO] [stderr]   Downloaded lightning-invoice v0.23.0
[INFO] [stderr]   Downloaded vls-protocol-client v0.9.0-rc.1
[INFO] [stderr]   Downloaded txoo v0.4.2
[INFO] [stderr]   Downloaded tonic-build v0.8.2
[INFO] [stderr]   Downloaded kv v0.23.1
[INFO] [stderr]   Downloaded triggered v0.1.2
[INFO] [stderr]   Downloaded as-any v0.3.0
[INFO] [stderr]   Downloaded serde_bolt v0.2.4
[INFO] [stderr]   Downloaded delegate v0.6.2
[INFO] [stderr]   Downloaded vls-protocol-signer v0.9.0-rc.1
[INFO] [stderr]   Downloaded vls-persist v0.9.0-rc.1
[INFO] [stderr]   Downloaded prost-derive v0.11.2
[INFO] [stderr]   Downloaded lightning-storage-server v0.3.0
[INFO] [stderr]   Downloaded axum-core v0.2.9
[INFO] [stderr]   Downloaded prost-build v0.11.2
[INFO] [stderr]   Downloaded bitcoin_hashes v0.11.0
[INFO] [stderr]   Downloaded prettyplease v0.1.21
[INFO] [stderr]   Downloaded tonic v0.8.2
[INFO] [stderr]   Downloaded prost-types v0.11.2
[INFO] [stderr]   Downloaded axum v0.5.17
[INFO] [stderr]   Downloaded vls-core v0.9.0-rc.1
[INFO] [stderr]   Downloaded secp256k1 v0.24.3
[INFO] [stderr]   Downloaded url v2.3.0
[INFO] [stderr]   Downloaded txoo-bitcoind-client v0.4.2
[INFO] [stderr]   Downloaded vls-frontend v0.9.0-rc.1
[INFO] [stderr]   Downloaded fern v0.6.1
[INFO] [stderr]   Downloaded vls-protocol v0.9.0-rc.1
[INFO] [stderr]   Downloaded bitcoin v0.29.2
[INFO] [stderr]   Downloaded lightning v0.0.115
[INFO] [stderr]   Downloaded secp256k1-sys v0.6.1
[INFO] running `Command { std: "docker" "create" "-v" "/var/lib/crater-agent-workspace/builds/worker-6-tc1/target:/opt/rustwide/target:rw,Z" "-v" "/var/lib/crater-agent-workspace/builds/worker-6-tc1/source:/opt/rustwide/workdir:ro,Z" "-v" "/var/lib/crater-agent-workspace/cargo-home:/opt/rustwide/cargo-home:ro,Z" "-v" "/var/lib/crater-agent-workspace/rustup-home:/opt/rustwide/rustup-home:ro,Z" "-e" "SOURCE_DIR=/opt/rustwide/workdir" "-e" "CARGO_TARGET_DIR=/opt/rustwide/target" "-e" "CARGO_HOME=/opt/rustwide/cargo-home" "-e" "RUSTUP_HOME=/opt/rustwide/rustup-home" "-w" "/opt/rustwide/workdir" "-m" "1610612736" "--user" "0:0" "--network" "none" "ghcr.io/rust-lang/crates-build-env/linux@sha256:19e73879b68f455e41552ea35293514db52ea292d993f571636dbffedb77a1ee" "/opt/rustwide/cargo-home/bin/cargo" "+9610dfe5a9a731ced1ea4923ecbd0c57fe367898" "metadata" "--no-deps" "--format-version=1", kill_on_drop: false }`
[INFO] [stdout] a17715da905b54c766d62652fb60df85e59243646521ba40a0c21316b26796bc
[INFO] running `Command { std: "docker" "start" "-a" "a17715da905b54c766d62652fb60df85e59243646521ba40a0c21316b26796bc", kill_on_drop: false }`
[INFO] running `Command { std: "docker" "inspect" "a17715da905b54c766d62652fb60df85e59243646521ba40a0c21316b26796bc", kill_on_drop: false }`
[INFO] running `Command { std: "docker" "rm" "-f" "a17715da905b54c766d62652fb60df85e59243646521ba40a0c21316b26796bc", kill_on_drop: false }`
[INFO] [stdout] a17715da905b54c766d62652fb60df85e59243646521ba40a0c21316b26796bc
[INFO] running `Command { std: "docker" "create" "-v" "/var/lib/crater-agent-workspace/builds/worker-6-tc1/target:/opt/rustwide/target:rw,Z" "-v" "/var/lib/crater-agent-workspace/builds/worker-6-tc1/source:/opt/rustwide/workdir:ro,Z" "-v" "/var/lib/crater-agent-workspace/cargo-home:/opt/rustwide/cargo-home:ro,Z" "-v" "/var/lib/crater-agent-workspace/rustup-home:/opt/rustwide/rustup-home:ro,Z" "-e" "SOURCE_DIR=/opt/rustwide/workdir" "-e" "CARGO_TARGET_DIR=/opt/rustwide/target" "-e" "CARGO_INCREMENTAL=0" "-e" "RUST_BACKTRACE=full" "-e" "RUSTFLAGS=--cap-lints=forbid" "-e" "RUSTDOCFLAGS=--cap-lints=forbid" "-e" "CARGO_HOME=/opt/rustwide/cargo-home" "-e" "RUSTUP_HOME=/opt/rustwide/rustup-home" "-w" "/opt/rustwide/workdir" "-m" "1610612736" "--user" "0:0" "--network" "none" "ghcr.io/rust-lang/crates-build-env/linux@sha256:19e73879b68f455e41552ea35293514db52ea292d993f571636dbffedb77a1ee" "/opt/rustwide/cargo-home/bin/cargo" "+9610dfe5a9a731ced1ea4923ecbd0c57fe367898" "check" "--frozen" "--all" "--all-targets" "--message-format=json", kill_on_drop: false }`
[INFO] [stdout] d63689f2d840aa67a6fd9cdb7ff1fc18062a4fbb08e0d971e1118559129fae52
[INFO] running `Command { std: "docker" "start" "-a" "d63689f2d840aa67a6fd9cdb7ff1fc18062a4fbb08e0d971e1118559129fae52", kill_on_drop: false }`
[INFO] [stderr]    Compiling proc-macro2 v1.0.56
[INFO] [stderr]    Compiling quote v1.0.26
[INFO] [stderr]    Compiling unicode-ident v1.0.5
[INFO] [stderr]    Compiling libc v0.2.142
[INFO] [stderr]    Compiling syn v1.0.103
[INFO] [stderr]    Compiling cc v1.0.75
[INFO] [stderr]     Checking smallvec v1.10.0
[INFO] [stderr]    Compiling serde_derive v1.0.147
[INFO] [stderr]     Checking bytes v1.2.1
[INFO] [stderr]    Compiling lock_api v0.4.9
[INFO] [stderr]    Compiling indexmap v1.9.1
[INFO] [stderr]     Checking once_cell v1.16.0
[INFO] [stderr]    Compiling serde v1.0.147
[INFO] [stderr]    Compiling parking_lot_core v0.9.4
[INFO] [stderr]    Compiling tokio v1.27.0
[INFO] [stderr]     Checking itoa v1.0.4
[INFO] [stderr]    Compiling futures-channel v0.3.25
[INFO] [stderr]    Compiling futures-util v0.3.25
[INFO] [stderr]     Checking tracing-core v0.1.30
[INFO] [stderr]    Compiling anyhow v1.0.66
[INFO] [stderr]     Checking untrusted v0.7.1
[INFO] [stderr]     Checking spin v0.5.2
[INFO] [stderr]    Compiling maybe-uninit v2.0.0
[INFO] [stderr]    Compiling io-lifetimes v1.0.4
[INFO] [stderr]    Compiling rustls v0.20.7
[INFO] [stderr]    Compiling async-trait v0.1.58
[INFO] [stderr]    Compiling itertools v0.10.5
[INFO] [stderr]     Checking http v0.2.8
[INFO] [stderr]    Compiling rustix v0.36.7
[INFO] [stderr]     Checking rustls-pemfile v1.0.1
[INFO] [stderr]     Checking matches v0.1.9
[INFO] [stderr]    Compiling linux-raw-sys v0.1.4
[INFO] [stderr]    Compiling ident_case v1.0.1
[INFO] [stderr]    Compiling strsim v0.10.0
[INFO] [stderr]    Compiling fnv v1.0.7
[INFO] [stderr]     Checking bech32 v0.9.1
[INFO] [stderr]    Compiling prettyplease v0.1.21
[INFO] [stderr]     Checking rustls-native-certs v0.6.2
[INFO] [stderr]     Checking smallvec v0.6.14
[INFO] [stderr]    Compiling aho-corasick v0.7.19
[INFO] [stderr]    Compiling fixedbitset v0.4.2
[INFO] [stderr]    Compiling regex-syntax v0.6.28
[INFO] [stderr]     Checking unicode-normalization v0.1.9
[INFO] [stderr]    Compiling fastrand v1.8.0
[INFO] [stderr]    Compiling num-traits v0.2.15
[INFO] [stderr]    Compiling syn v2.0.15
[INFO] [stderr]    Compiling petgraph v0.6.2
[INFO] [stderr]     Checking instant v0.1.12
[INFO] [stderr]    Compiling serde_json v1.0.87
[INFO] [stderr]    Compiling parking_lot_core v0.8.5
[INFO] [stderr]    Compiling crossbeam-utils v0.8.12
[INFO] [stderr]     Checking http-body v0.4.5
[INFO] [stderr]    Compiling multimap v0.8.3
[INFO] [stderr]     Checking unsafe-libyaml v0.2.5
[INFO] [stderr]    Compiling ring v0.16.20
[INFO] [stderr]    Compiling secp256k1-sys v0.6.1
[INFO] [stderr]    Compiling backtrace v0.3.66
[INFO] [stderr]    Compiling hashbrown v0.8.2
[INFO] [stderr]     Checking idna v0.2.1
[INFO] [stderr]    Compiling crossbeam-epoch v0.9.11
[INFO] [stderr]     Checking tower-layer v0.3.2
[INFO] [stderr]     Checking num_cpus v1.14.0
[INFO] [stderr]     Checking socket2 v0.4.9
[INFO] [stderr]     Checking signal-hook-registry v1.4.0
[INFO] [stderr]     Checking mio v0.8.5
[INFO] [stderr]     Checking parking_lot v0.12.1
[INFO] [stderr]     Checking getrandom v0.2.8
[INFO] [stderr]     Checking atty v0.2.14
[INFO] [stderr]    Compiling which v4.3.0
[INFO] [stderr]     Checking url v2.3.0
[INFO] [stderr]     Checking gimli v0.26.2
[INFO] [stderr]     Checking miniz_oxide v0.5.4
[INFO] [stderr]     Checking rand_core v0.6.4
[INFO] [stderr]     Checking rand_chacha v0.3.1
[INFO] [stderr]    Compiling regex v1.7.0
[INFO] [stderr]     Checking rand v0.8.5
[INFO] [stderr]     Checking object v0.29.0
[INFO] [stderr]     Checking rustc-demangle v0.1.21
[INFO] [stderr]     Checking ahash v0.3.8
[INFO] [stderr]     Checking humantime v2.1.0
[INFO] [stderr]    Compiling thiserror v1.0.37
[INFO] [stderr]    Compiling proc-macro-error-attr v1.0.4
[INFO] [stderr]     Checking parking_lot v0.11.2
[INFO] [stderr]     Checking fs2 v0.4.3
[INFO] [stderr]     Checking fxhash v0.2.1
[INFO] [stderr]     Checking http-range-header v0.3.0
[INFO] [stderr]     Checking matchit v0.5.0
[INFO] [stderr]     Checking sync_wrapper v0.1.1
[INFO] [stderr]     Checking sled v0.34.7
[INFO] [stderr]    Compiling time-core v0.1.0
[INFO] [stderr]     Checking static_assertions v1.1.0
[INFO] [stderr]     Checking colored v1.9.3
[INFO] [stderr]    Compiling time-macros v0.2.6
[INFO] [stderr]     Checking nix v0.26.1
[INFO] [stderr]     Checking clap_lex v0.2.4
[INFO] [stderr]     Checking dirs-sys v0.3.7
[INFO] [stderr]     Checking base64-compat v1.0.0
[INFO] [stderr]     Checking ipnet v2.5.1
[INFO] [stderr]     Checking textwrap v0.16.0
[INFO] [stderr]     Checking as-any v0.3.0
[INFO] [stderr]     Checking dirs v4.0.0
[INFO] [stderr]     Checking fern v0.6.1
[INFO] [stderr]     Checking bit-vec v0.6.3
[INFO] [stderr]     Checking triggered v0.1.2
[INFO] [stderr]    Compiling tempfile v3.4.0
[INFO] [stderr]     Checking env_logger v0.9.3
[INFO] [stderr]     Checking addr2line v0.17.0
[INFO] [stderr]     Checking time v0.3.17
[INFO] [stderr]     Checking webpki v0.22.0
[INFO] [stderr]     Checking sct v0.7.0
[INFO] [stderr]    Compiling tokio-macros v2.0.0
[INFO] [stderr]     Checking webpki-roots v0.22.5
[INFO] [stderr]    Compiling darling_core v0.14.2
[INFO] [stderr]    Compiling proc-macro-error v1.0.4
[INFO] [stderr]    Compiling futures-macro v0.3.25
[INFO] [stderr]    Compiling tracing-attributes v0.1.23
[INFO] [stderr]    Compiling prost-derive v0.11.2
[INFO] [stderr]    Compiling pin-project-internal v1.0.12
[INFO] [stderr]    Compiling bolt-derive v0.1.0
[INFO] [stderr]    Compiling thiserror-impl v1.0.37
[INFO] [stderr]    Compiling async-stream-impl v0.3.3
[INFO] [stderr]    Compiling clap_derive v3.2.18
[INFO] [stderr]    Compiling delegate v0.6.2
[INFO] [stderr]     Checking ctrlc v3.2.4
[INFO] [stderr]     Checking async-stream v0.3.3
[INFO] [stderr]    Compiling darling_macro v0.14.2
[INFO] [stderr]     Checking pin-project v1.0.12
[INFO] [stderr]     Checking tracing v0.1.37
[INFO] [stderr]     Checking tracing-futures v0.2.5
[INFO] [stderr]    Compiling prost v0.11.2
[INFO] [stderr]     Checking clap v3.2.23
[INFO] [stderr]    Compiling darling v0.14.2
[INFO] [stderr]    Compiling serde_with_macros v2.0.1
[INFO] [stderr]    Compiling prost-types v0.11.2
[INFO] [stderr]     Checking tokio-util v0.7.4
[INFO] [stderr]     Checking tokio-rustls v0.23.4
[INFO] [stderr]     Checking tokio-io-timeout v1.2.0
[INFO] [stderr]     Checking tokio-stream v0.1.11
[INFO] [stderr]     Checking backoff v0.4.0
[INFO] [stderr]    Compiling prost-build v0.11.2
[INFO] [stderr]    Compiling tonic-build v0.8.2
[INFO] [stderr]     Checking h2 v0.3.18
[INFO] [stderr]     Checking tower v0.4.13
[INFO] [stderr]     Checking axum-core v0.2.9
[INFO] [stderr]     Checking futures-executor v0.3.25
[INFO] [stderr]     Checking futures v0.3.25
[INFO] [stderr]    Compiling lightning-storage-server v0.3.0
[INFO] [stderr]    Compiling vls-proxy v0.9.0-rc.1 (/opt/rustwide/workdir)
[INFO] [stderr]     Checking tower-http v0.3.4
[INFO] [stderr]     Checking bitcoin_hashes v0.11.0
[INFO] [stderr]     Checking serde_yaml v0.9.16
[INFO] [stderr]     Checking serde_bolt v0.2.4
[INFO] [stderr]     Checking serde_with v2.0.1
[INFO] [stderr]     Checking serde_urlencoded v0.7.1
[INFO] [stderr]     Checking serde_cbor v0.11.2
[INFO] [stderr]     Checking toml v0.5.9
[INFO] [stderr]     Checking vls-protocol v0.9.0-rc.1
[INFO] [stderr]     Checking jsonrpc-async v2.0.2
[INFO] [stderr]     Checking kv v0.23.1
[INFO] [stderr]     Checking secp256k1 v0.24.3
[INFO] [stderr]     Checking bitcoin v0.29.2
[INFO] [stderr]     Checking hyper v0.14.23
[INFO] [stderr]     Checking lightning v0.0.115
[INFO] [stderr]     Checking hyper-rustls v0.23.0
[INFO] [stderr]     Checking axum v0.5.17
[INFO] [stderr]     Checking hyper-timeout v0.4.1
[INFO] [stderr]     Checking txoo v0.4.2
[INFO] [stderr]     Checking reqwest v0.11.12
[INFO] [stderr]     Checking txoo-bitcoind-client v0.4.2
[INFO] [stderr]     Checking tonic v0.8.2
[INFO] [stderr]     Checking lightning-invoice v0.23.0
[INFO] [stderr]     Checking vls-core v0.9.0-rc.1
[INFO] [stderr]     Checking vls-protocol-signer v0.9.0-rc.1
[INFO] [stderr]     Checking vls-persist v0.9.0-rc.1
[INFO] [stderr]     Checking vls-frontend v0.9.0-rc.1
[INFO] [stderr]     Checking vls-protocol-client v0.9.0-rc.1
[INFO] [stdout] error[E0433]: failed to resolve: could not find `test_utils` in `util`
[INFO] [stdout]    --> src/recovery/mod.rs:340:33
[INFO] [stdout]     |
[INFO] [stdout] 340 |     use lightning_signer::util::test_utils::key::make_test_pubkey;
[INFO] [stdout]     |                                 ^^^^^^^^^^ could not find `test_utils` in `util`
[INFO] [stdout] 
[INFO] [stdout] 
[INFO] [stdout] error[E0432]: unresolved import `lightning_signer::util::test_utils`
[INFO] [stdout]    --> src/recovery/mod.rs:341:33
[INFO] [stdout]     |
[INFO] [stdout] 341 |     use lightning_signer::util::test_utils::{
[INFO] [stdout]     |                                 ^^^^^^^^^^ could not find `test_utils` in `util`
[INFO] [stdout] 
[INFO] [stdout] 
[INFO] [stdout] error[E0599]: no method named `verify` found for struct `lightning_signer::bitcoin::Transaction` in the current scope
[INFO] [stdout]    --> src/recovery/mod.rs:376:12
[INFO] [stdout]     |
[INFO] [stdout] 376 |         tx.verify(|txo| {
[INFO] [stdout]     |         ---^^^^^^ method not found in `Transaction`
[INFO] [stdout] 
[INFO] [stdout] 
[INFO] [stdout] error[E0599]: no method named `verify` found for struct `lightning_signer::bitcoin::Transaction` in the current scope
[INFO] [stdout]    --> src/recovery/mod.rs:388:12
[INFO] [stdout]     |
[INFO] [stdout] 388 |         tx.verify(|txo| {
[INFO] [stdout]     |         ---^^^^^^ method not found in `Transaction`
[INFO] [stdout] 
[INFO] [stdout] 
[INFO] [stdout] error: aborting due to 4 previous errors
[INFO] [stdout] 
[INFO] [stdout] 
[INFO] [stdout] Some errors have detailed explanations: E0432, E0433, E0599.
[INFO] [stdout] 
[INFO] [stdout] For more information about an error, try `rustc --explain E0432`.
[INFO] [stdout] 
[INFO] [stderr] error: could not compile `vls-proxy` (lib test) due to 5 previous errors
[INFO] [stderr] warning: build failed, waiting for other jobs to finish...
[INFO] running `Command { std: "docker" "inspect" "d63689f2d840aa67a6fd9cdb7ff1fc18062a4fbb08e0d971e1118559129fae52", kill_on_drop: false }`
[INFO] running `Command { std: "docker" "rm" "-f" "d63689f2d840aa67a6fd9cdb7ff1fc18062a4fbb08e0d971e1118559129fae52", kill_on_drop: false }`
[INFO] [stdout] d63689f2d840aa67a6fd9cdb7ff1fc18062a4fbb08e0d971e1118559129fae52
